{"id":67,"date":"2019-01-23T19:53:20","date_gmt":"2019-01-23T18:53:20","guid":{"rendered":"http:\/\/diverholics.de\/?page_id=67"},"modified":"2019-01-23T19:54:44","modified_gmt":"2019-01-23T18:54:44","slug":"kontakt","status":"publish","type":"page","link":"https:\/\/diverholics.de\/?page_id=67","title":{"rendered":"Kontakt"},"content":{"rendered":"\n<p><strong>Kontakt<\/strong><\/p>\n\n\n\n<p>Diverholics e.V.<br>Im Schlosspark 19<br>87700 Memmingen<br>email: diverholics.ev@gmail.com<\/p>\n\n\n\n<p>1. Vorstand: Herr Markus Freundorfer \/ 01728206571<br>2. Vorstand: Herr Klaus Hagen \/ 017667578957<br>3. Vorstand: Herr Horst Wegele \/ 01796826711<br>Schatzmeister: Frau Miriam Balkheimer<br>Schriftf\u00fchrer: Frau Eva Decker<br>Ausbildungsleiter: Herr Horst Wegele<br>Trainingsleiter: Herr Klaus Hagen<br>Jugendwart: Herr Horst Wegele<br>Datenschutzbeauftragter: Herr Klaus Hagen<br>Webmaster: Herr Klaus Hagen<\/p>\n\n\n\n<!--more-->\n\n\n<div class=\"wp-block-jetpack-contact-form is-layout-flex wp-container-jetpack-contact-form-is-layout-faa3ad1c wp-block-jetpack-contact-form-is-layout-flex\"><a href=\"https:\/\/diverholics.de\/?page_id=67\" target=\"_blank\" rel=\"noopener noreferrer\">Formular einreichen.<\/a><\/div>\n\n\n<p>Anfrage wird an&nbsp;diverholics.ev@gmail.com gesendet<\/p>\n","protected":false},"excerpt":{"rendered":"<p>Kontakt Diverholics e.V.Im Schlosspark 1987700 Memmingenemail: diverholics.ev@gmail.com 1. Vorstand: Herr Markus Freundorfer \/ 017282065712. Vorstand: Herr Klaus Hagen \/ 0176675789573. Vorstand: Herr Horst Wegele \/ 01796826711Schatzmeister: Frau Miriam BalkheimerSchriftf\u00fchrer: Frau Eva DeckerAusbildungsleiter: Herr Horst WegeleTrainingsleiter: Herr Klaus HagenJugendwart: Herr Horst WegeleDatenschutzbeauftragter: Herr Klaus HagenWebmaster: Herr Klaus Hagen<\/p>\n","protected":false},"author":3,"featured_media":0,"parent":0,"menu_order":0,"comment_status":"closed","ping_status":"closed","template":"","meta":{"footnotes":""},"class_list":["post-67","page","type-page","status-publish","hentry"],"jetpack_shortlink":"https:\/\/wp.me\/PaAym3-15","jetpack-related-posts":[{"id":73,"url":"https:\/\/diverholics.de\/?page_id=73","url_meta":{"origin":67,"position":0},"title":"Partner","author":"Klaus Hagen","date":"23\/01\/2019","format":false,"excerpt":"Horst Wegele - Tauchschule Memmingen - http:\/\/www.tauchschule-memmingen.deKlaus Hagen - Blog4diver - http:\/\/www.hagenistonline.deJens K\u00f6ppe - Tauschule Ulm - http:\/\/www.scubamarine.de","rel":"","context":"\u00c4hnlicher Beitrag","block_context":{"text":"\u00c4hnlicher Beitrag","link":""},"img":{"alt_text":"","src":"","width":0,"height":0},"classes":[]},{"id":75,"url":"https:\/\/diverholics.de\/?page_id=75","url_meta":{"origin":67,"position":1},"title":"Tauchverein","author":"Klaus Hagen","date":"23\/01\/2019","format":false,"excerpt":"Ein Tauchclub stellt sich vor...Der Tauchverein Diverholics e.V. wurde 2014 gegr\u00fcndet und hat den Status der Gemeinn\u00fctzigkeit. Derzeit haben wir ca. 30 aktive Mitglieder. (Stand: 11.Nov 2014)Jeden Montag treffen wir uns um 20.00 Uhr im Erolzheimer Hallenbad, zum Schwimmen, Schnorcheln und Tauchen. Au\u00dferdem machen wir fachgerechte und gr\u00fcndliche Tauchausbildung sowie\u2026","rel":"","context":"\u00c4hnlicher Beitrag","block_context":{"text":"\u00c4hnlicher Beitrag","link":""},"img":{"alt_text":"","src":"","width":0,"height":0},"classes":[]},{"id":71,"url":"https:\/\/diverholics.de\/?page_id=71","url_meta":{"origin":67,"position":2},"title":"Ausbildung","author":"Klaus Hagen","date":"23\/01\/2019","format":false,"excerpt":"Ausbildung Wir machen Tauchausbildung mit unseren Partner Tauschulen Tauchschule Memmingen - Horst Wegele-\u00a0http:\/\/www.tauchschule-memmingen.de Die Ausbildung zum Tauchen kann man auf unterschiedliche Art und Weise machen. Letztlich ist entscheidend, da\u00df sowohl in der Theorie als auch in der Praxis das n\u00f6tige Handwerkszeug vermittelt wird. Tauchausbildung ist Vertrauen\u00dfache zwischen Sch\u00fcler und Lehrer.\u2026","rel":"","context":"\u00c4hnlicher Beitrag","block_context":{"text":"\u00c4hnlicher Beitrag","link":""},"img":{"alt_text":"","src":"","width":0,"height":0},"classes":[]},{"id":63,"url":"https:\/\/diverholics.de\/?page_id=63","url_meta":{"origin":67,"position":3},"title":"Impressum","author":"Klaus Hagen","date":"23\/01\/2019","format":false,"excerpt":"Impressum Kontaktdaten: Diverholics e.V.Im Schlosspark 1987700 MemmingenTel: 083319613580Mobil: 01728206571 Vertreten durch:Alleinvertretungsberechtigt durch Freundorfer Markus 1.VorsitzenderHerr Markus FreundorferIm Schlosspark 1987700 MemmingenTel: 083319613580Mobil: 01728206571markusfreundorfer@gmail.com 2.VorsitzendeHerr Klaus HagenBilgeristr. 2287700 MemmingenTel: ---Mobil: 017667578957klaus@hagenistonline.de 3.VorsitzenderHerr Horst WegeleRichthofenstr. 687700 Memmingenhorst.wegele@gmail.comTel: 08331\/48697Mobil: 0179\/6826711 Das Impressum gilt f\u00fcr http:\/\/www.diverholics.de &\u00a0https:\/\/diverholics.hagenistonline.de Eingetragen im Amtsgericht Ulm im Vereinsregisterunter der Nummer:\u2026","rel":"","context":"\u00c4hnlicher Beitrag","block_context":{"text":"\u00c4hnlicher Beitrag","link":""},"img":{"alt_text":"","src":"","width":0,"height":0},"classes":[]},{"id":64,"url":"https:\/\/diverholics.de\/?page_id=64","url_meta":{"origin":67,"position":4},"title":"Datenschutz","author":"Klaus Hagen","date":"23\/01\/2019","format":false,"excerpt":"Datenschutzbeauftragter: Herr Klaus HagenBilgeristr. 2287700 MemmingenTel: \u2014Mobil: 017667578957klaus@hagenistonline.de Datenschutz:Die Nutzung unserer Webseite ist in der Regel ohne Angabe personenbezogener Daten m\u00f6glich. Soweit auf unseren Seiten personenbezogene Daten (beispielsweise Name, Anschrift oder eMail-Adressen) erhoben werden, erfolgt dies, soweit m\u00f6glich, stets auf freiwilliger Basis. Diese Daten werden ohne Ihre ausdr\u00fcckliche Zustimmung nicht\u2026","rel":"","context":"\u00c4hnlicher Beitrag","block_context":{"text":"\u00c4hnlicher Beitrag","link":""},"img":{"alt_text":"","src":"","width":0,"height":0},"classes":[]}],"jetpack_sharing_enabled":true,"_links":{"self":[{"href":"https:\/\/diverholics.de\/index.php?rest_route=\/wp\/v2\/pages\/67","targetHints":{"allow":["GET"]}}],"collection":[{"href":"https:\/\/diverholics.de\/index.php?rest_route=\/wp\/v2\/pages"}],"about":[{"href":"https:\/\/diverholics.de\/index.php?rest_route=\/wp\/v2\/types\/page"}],"author":[{"embeddable":true,"href":"https:\/\/diverholics.de\/index.php?rest_route=\/wp\/v2\/users\/3"}],"replies":[{"embeddable":true,"href":"https:\/\/diverholics.de\/index.php?rest_route=%2Fwp%2Fv2%2Fcomments&post=67"}],"version-history":[{"count":1,"href":"https:\/\/diverholics.de\/index.php?rest_route=\/wp\/v2\/pages\/67\/revisions"}],"predecessor-version":[{"id":70,"href":"https:\/\/diverholics.de\/index.php?rest_route=\/wp\/v2\/pages\/67\/revisions\/70"}],"wp:attachment":[{"href":"https:\/\/diverholics.de\/index.php?rest_route=%2Fwp%2Fv2%2Fmedia&parent=67"}],"curies":[{"name":"wp","href":"https:\/\/api.w.org\/{rel}","templated":true}]}}