{"id":75,"date":"2019-01-23T19:58:34","date_gmt":"2019-01-23T18:58:34","guid":{"rendered":"http:\/\/diverholics.de\/?page_id=75"},"modified":"2019-01-23T20:09:54","modified_gmt":"2019-01-23T19:09:54","slug":"tauchverein","status":"publish","type":"page","link":"https:\/\/diverholics.de\/?page_id=75","title":{"rendered":"Tauchverein"},"content":{"rendered":"\n<figure class=\"wp-block-image\"><img data-recalc-dims=\"1\" decoding=\"async\" src=\"https:\/\/i0.wp.com\/diverholics.hagenistonline.de\/wp-content\/uploads\/2018\/02\/header_Diverholics-e1517824137295.jpg?w=525\" alt=\"\" class=\"wp-image-65\"\/><\/figure>\n\n\n\n<p><br>Ein Tauchclub stellt sich vor&#8230;<br>Der Tauchverein Diverholics e.V. wurde 2014 gegr\u00fcndet und hat den Status der Gemeinn\u00fctzigkeit.<\/p>\n\n\n\n<p>Derzeit haben wir ca. 30 aktive Mitglieder. (Stand: 11.Nov 2014)<br>Jeden Montag treffen wir uns um 20.00 Uhr im Erolzheimer Hallenbad, zum Schwimmen, Schnorcheln und Tauchen. Au\u00dferdem machen wir fachgerechte und gr\u00fcndliche Tauchausbildung sowie Konditionstraining unter der fachlichen Anleitung dreier Tauchlehrer.<\/p>\n\n\n\n<p>Kleine und gro\u00dfe Tauchausfl\u00fcge, ja sogar Tauchreisen finden das ganze Jahr \u00fcber statt.<\/p>\n\n\n\n<p>Der Jahresbeitrag betr\u00e4gt derzeit 75\u20ac. Jugendliche, Sch\u00fcler und Studenten zahlen 50\u20ac. Die Aufnahmegeb\u00fchr betr\u00e4gt 200\u20ac.<br>Spa\u00df und Geselligkeit werden bei uns gro\u00df geschrieben! Bei Intere\u00dfe an unserem Verein einfach melden, unter &#8230;<\/p>\n\n\n\n<p>Ansprechpartner:<br>Vorstand<br>Markus Freundhofer, Klaus Hagen, Horst Wegele<\/p>\n\n\n\n<p>\u00dcbungsleiter<br>Klaus Hagen &amp; Stefan Sauter &amp; Frank Steigerwald<br><a rel=\"noreferrer noopener\" aria-label=\" (\u00f6ffnet in neuem Tab)\" href=\"https:\/\/www.diverholics.de\/aufnahmeantrag.pdf\" target=\"_blank\"><\/a><\/p>\n\n\n\n<p>Unsere Satzung<br><a href=\"https:\/\/diverholics.de\/satzung_online.pdf\">https:\/\/diverholics.de\/satzung_online.pdf<\/a><br><br>Unseren Aufnahmeantrag<br><a href=\"https:\/\/diverholics.de\/aufnahmeantrag.pdf\" target=\"_blank\" rel=\"noreferrer noopener\" aria-label=\" (\u00f6ffnet in neuem Tab)\">https:\/\/diverholics.de\/aufnahmeantrag.pdf<\/a><br><br><\/p>\n\n\n\n<p><br><br><\/p>\n","protected":false},"excerpt":{"rendered":"<p>Ein Tauchclub stellt sich vor&#8230;Der Tauchverein Diverholics e.V. wurde 2014 gegr\u00fcndet und hat den Status der Gemeinn\u00fctzigkeit. Derzeit haben wir ca. 30 aktive Mitglieder. (Stand: 11.Nov 2014)Jeden Montag treffen wir uns um 20.00 Uhr im Erolzheimer Hallenbad, zum Schwimmen, Schnorcheln und Tauchen. Au\u00dferdem machen wir fachgerechte und gr\u00fcndliche Tauchausbildung sowie Konditionstraining unter der fachlichen Anleitung &hellip; <\/p>\n<p class=\"link-more\"><a href=\"https:\/\/diverholics.de\/?page_id=75\" class=\"more-link\"><span class=\"screen-reader-text\">\u201eTauchverein\u201c <\/span>weiterlesen<\/a><\/p>\n","protected":false},"author":3,"featured_media":0,"parent":0,"menu_order":0,"comment_status":"closed","ping_status":"closed","template":"","meta":{"footnotes":""},"class_list":["post-75","page","type-page","status-publish","hentry"],"jetpack_shortlink":"https:\/\/wp.me\/PaAym3-1d","jetpack-related-posts":[{"id":71,"url":"https:\/\/diverholics.de\/?page_id=71","url_meta":{"origin":75,"position":0},"title":"Ausbildung","author":"Klaus Hagen","date":"23\/01\/2019","format":false,"excerpt":"Ausbildung Wir machen Tauchausbildung mit unseren Partner Tauschulen Tauchschule Memmingen - Horst Wegele-\u00a0http:\/\/www.tauchschule-memmingen.de Die Ausbildung zum Tauchen kann man auf unterschiedliche Art und Weise machen. Letztlich ist entscheidend, da\u00df sowohl in der Theorie als auch in der Praxis das n\u00f6tige Handwerkszeug vermittelt wird. Tauchausbildung ist Vertrauen\u00dfache zwischen Sch\u00fcler und Lehrer.\u2026","rel":"","context":"\u00c4hnlicher Beitrag","block_context":{"text":"\u00c4hnlicher Beitrag","link":""},"img":{"alt_text":"","src":"","width":0,"height":0},"classes":[]},{"id":63,"url":"https:\/\/diverholics.de\/?page_id=63","url_meta":{"origin":75,"position":1},"title":"Impressum","author":"Klaus Hagen","date":"23\/01\/2019","format":false,"excerpt":"Impressum Kontaktdaten: Diverholics e.V.Im Schlosspark 1987700 MemmingenTel: 083319613580Mobil: 01728206571 Vertreten durch:Alleinvertretungsberechtigt durch Freundorfer Markus 1.VorsitzenderHerr Markus FreundorferIm Schlosspark 1987700 MemmingenTel: 083319613580Mobil: 01728206571markusfreundorfer@gmail.com 2.VorsitzendeHerr Klaus HagenBilgeristr. 2287700 MemmingenTel: ---Mobil: 017667578957klaus@hagenistonline.de 3.VorsitzenderHerr Horst WegeleRichthofenstr. 687700 Memmingenhorst.wegele@gmail.comTel: 08331\/48697Mobil: 0179\/6826711 Das Impressum gilt f\u00fcr http:\/\/www.diverholics.de &\u00a0https:\/\/diverholics.hagenistonline.de Eingetragen im Amtsgericht Ulm im Vereinsregisterunter der Nummer:\u2026","rel":"","context":"\u00c4hnlicher Beitrag","block_context":{"text":"\u00c4hnlicher Beitrag","link":""},"img":{"alt_text":"","src":"","width":0,"height":0},"classes":[]},{"id":64,"url":"https:\/\/diverholics.de\/?page_id=64","url_meta":{"origin":75,"position":2},"title":"Datenschutz","author":"Klaus Hagen","date":"23\/01\/2019","format":false,"excerpt":"Datenschutzbeauftragter: Herr Klaus HagenBilgeristr. 2287700 MemmingenTel: \u2014Mobil: 017667578957klaus@hagenistonline.de Datenschutz:Die Nutzung unserer Webseite ist in der Regel ohne Angabe personenbezogener Daten m\u00f6glich. Soweit auf unseren Seiten personenbezogene Daten (beispielsweise Name, Anschrift oder eMail-Adressen) erhoben werden, erfolgt dies, soweit m\u00f6glich, stets auf freiwilliger Basis. Diese Daten werden ohne Ihre ausdr\u00fcckliche Zustimmung nicht\u2026","rel":"","context":"\u00c4hnlicher Beitrag","block_context":{"text":"\u00c4hnlicher Beitrag","link":""},"img":{"alt_text":"","src":"","width":0,"height":0},"classes":[]}],"jetpack_sharing_enabled":true,"_links":{"self":[{"href":"https:\/\/diverholics.de\/index.php?rest_route=\/wp\/v2\/pages\/75","targetHints":{"allow":["GET"]}}],"collection":[{"href":"https:\/\/diverholics.de\/index.php?rest_route=\/wp\/v2\/pages"}],"about":[{"href":"https:\/\/diverholics.de\/index.php?rest_route=\/wp\/v2\/types\/page"}],"author":[{"embeddable":true,"href":"https:\/\/diverholics.de\/index.php?rest_route=\/wp\/v2\/users\/3"}],"replies":[{"embeddable":true,"href":"https:\/\/diverholics.de\/index.php?rest_route=%2Fwp%2Fv2%2Fcomments&post=75"}],"version-history":[{"count":8,"href":"https:\/\/diverholics.de\/index.php?rest_route=\/wp\/v2\/pages\/75\/revisions"}],"predecessor-version":[{"id":85,"href":"https:\/\/diverholics.de\/index.php?rest_route=\/wp\/v2\/pages\/75\/revisions\/85"}],"wp:attachment":[{"href":"https:\/\/diverholics.de\/index.php?rest_route=%2Fwp%2Fv2%2Fmedia&parent=75"}],"curies":[{"name":"wp","href":"https:\/\/api.w.org\/{rel}","templated":true}]}}